{"id":11147,"date":"2022-03-22T22:45:27","date_gmt":"2022-03-22T21:45:27","guid":{"rendered":"https:\/\/amazonemmm.be\/hetnetepaleis\/?page_id=11147"},"modified":"2026-04-05T16:18:43","modified_gmt":"2026-04-05T14:18:43","slug":"hilde-frateur","status":"publish","type":"page","link":"https:\/\/amazonemmm.be\/hetnetepaleis\/hilde-frateur\/","title":{"rendered":"Hilde Frateur"},"content":{"rendered":"<p><a href=\"https:\/\/www.youtube.com\/watch?v=5YYIOSNEj7A\">Hilde Frateur groet je vanuit Het Netepaleis vol bloesems, zij zingt tot het water uit de hemel zal vallen!<\/a>&nbsp;&nbsp;<\/p>\n<p><a href=\"http:\/\/amazonemmm.be\/hetnetepaleis\/wp-content\/uploads\/2026\/02\/Lage-versie-promo-cd-Heet-op-de-planeet-lied-2015.mp4\">HKM cd Heet op de planeet lied 2015&nbsp;<\/a> In dit 1 minuutfilmpje zie je waar Hilde haar muziek zoal bracht, ze schreef immers cd Heet op de Planeet (HKM) op na een inspirerende muzikale tournee op de Filipijnen! Nadien zong zij van Zuid-Afrika tot Uzbekistan&#8230;en met Bedouine in de woestijn.<br \/>\n<a href=\"http:\/\/amazonemmm.be\/hetnetepaleis\/wp-content\/uploads\/2026\/02\/Chee-Cheel-Koelee.jpeg\"><img decoding=\"async\" class=\"alignleft wp-image-17667 lazyload\" data-src=\"http:\/\/amazonemmm.be\/hetnetepaleis\/wp-content\/uploads\/2026\/02\/Chee-Cheel-Koelee-300x225.jpeg\" alt=\"\" width=\"296\" height=\"222\" data-srcset=\"https:\/\/amazonemmm.be\/hetnetepaleis\/wp-content\/uploads\/2026\/02\/Chee-Cheel-Koelee-300x225.jpeg 300w, https:\/\/amazonemmm.be\/hetnetepaleis\/wp-content\/uploads\/2026\/02\/Chee-Cheel-Koelee-1024x768.jpeg 1024w, https:\/\/amazonemmm.be\/hetnetepaleis\/wp-content\/uploads\/2026\/02\/Chee-Cheel-Koelee-768x576.jpeg 768w, https:\/\/amazonemmm.be\/hetnetepaleis\/wp-content\/uploads\/2026\/02\/Chee-Cheel-Koelee-624x468.jpeg 624w, https:\/\/amazonemmm.be\/hetnetepaleis\/wp-content\/uploads\/2026\/02\/Chee-Cheel-Koelee.jpeg 1280w\" data-sizes=\"(max-width: 296px) 100vw, 296px\" src=\"data:image\/svg+xml;base64,PHN2ZyB3aWR0aD0iMSIgaGVpZ2h0PSIxIiB4bWxucz0iaHR0cDovL3d3dy53My5vcmcvMjAwMC9zdmciPjwvc3ZnPg==\" style=\"--smush-placeholder-width: 296px; --smush-placeholder-aspect-ratio: 296\/222;\" \/><\/a>Hilde haalt haar inspiratie van haar leven te midden in de natuur maar ook van haar vele bijzondere ontmoetingen met mensen! Graag zingt en speelt ze voor u, vertelt ze over haar leven op het domein van Het Netepaleis. Zij beheert het domein en richt het in met oog voor schoonheid en respect voor erfgoed. Natuur mag hier haar gang gaan, daarom zijn er maar af en toe activiteiten of open dagen. De meeste foto&#8217;s die je hier en op de Facebookpagina ziet zijn foto&#8217;s van Hilde Frateur.&nbsp;<\/p>\n<p class=\"\" data-start=\"61\" data-end=\"103\"><strong data-start=\"61\" data-end=\"101\">Hilde Frateur: Muziek met een missie<\/strong><\/p>\n<p class=\"\" data-start=\"105\" data-end=\"338\">Hilde Frateur voelde al op jonge leeftijd de problemen in de wereld haarfijn aan. Gedreven door een diep gevoel van rechtvaardigheid en een scherpe blik op de wereld, de klimaatverandering, zette ze haar talent in om bewustwording te cre\u00ebren. <a href=\"http:\/\/amazonemmm.be\/hetnetepaleis\/wp-content\/uploads\/2025\/06\/484848565_24213855784871034_3823844522648858087_n.jpg\"><img decoding=\"async\" class=\"alignleft size-medium wp-image-16531 lazyload\" data-src=\"http:\/\/amazonemmm.be\/hetnetepaleis\/wp-content\/uploads\/2025\/06\/484848565_24213855784871034_3823844522648858087_n-300x200.jpg\" alt=\"\" width=\"300\" height=\"200\" data-srcset=\"https:\/\/amazonemmm.be\/hetnetepaleis\/wp-content\/uploads\/2025\/06\/484848565_24213855784871034_3823844522648858087_n-300x200.jpg 300w, https:\/\/amazonemmm.be\/hetnetepaleis\/wp-content\/uploads\/2025\/06\/484848565_24213855784871034_3823844522648858087_n-1024x683.jpg 1024w, https:\/\/amazonemmm.be\/hetnetepaleis\/wp-content\/uploads\/2025\/06\/484848565_24213855784871034_3823844522648858087_n-768x512.jpg 768w, https:\/\/amazonemmm.be\/hetnetepaleis\/wp-content\/uploads\/2025\/06\/484848565_24213855784871034_3823844522648858087_n-1536x1024.jpg 1536w, https:\/\/amazonemmm.be\/hetnetepaleis\/wp-content\/uploads\/2025\/06\/484848565_24213855784871034_3823844522648858087_n-624x416.jpg 624w, https:\/\/amazonemmm.be\/hetnetepaleis\/wp-content\/uploads\/2025\/06\/484848565_24213855784871034_3823844522648858087_n.jpg 1944w\" data-sizes=\"(max-width: 300px) 100vw, 300px\" src=\"data:image\/svg+xml;base64,PHN2ZyB3aWR0aD0iMSIgaGVpZ2h0PSIxIiB4bWxucz0iaHR0cDovL3d3dy53My5vcmcvMjAwMC9zdmciPjwvc3ZnPg==\" style=\"--smush-placeholder-width: 300px; --smush-placeholder-aspect-ratio: 300\/200;\" \/><\/a>Ze maakte haar eerste cd &#8217;s De Kleine Boot en Stad waaruit ze ook in 2025 nog steeds liederen zingt!&nbsp; Ook haar liedjes zoals &#8220;Den Belgica&#8221; en &#8220;La mer, l&#8217;amour, le vent en une fleur&#8221; op EP&nbsp; &#8220;Water uit de hemel&#8221; in 2015 die ze maakte voor haar optreden in Samarqand behoren tot haar toppers die altijd sterke liederen zullen blijven! Haar muziek spreekt tot de verbeelding en raakt mensen van alle leeftijden.<br \/>\nZij schrijft vooral in het Nederlands maar dankzij haar tournees zingt Hilde in vele talen, muziek is immers een wereldtaal!<br \/>\nHier hoor je een lied <a href=\"https:\/\/www.youtube.com\/watch?v=CfqbPy-3oxQ\">&#8220;Schoon lief&#8221;<\/a> dat zij bewerkte en zingt in trio met haar dochter Evelyne Lauwers (cello, zang) en diens vriendin Lotte Remmen (viool, zang). Je ziet hier de vele affiches waar Hilde Frateur ofwel zelf zong en\/ zelf initiatief nam en de organisatie deed met Amazone MMM vzw.<\/p>\n<p data-start=\"105\" data-end=\"338\"><a href=\"https:\/\/www.youtube.com\/watch?v=dQM5B4e6CB0&amp;t=14s\">Levende Bio Hilde Frateur 2003-2023<\/a> je ziet hier een kleine greep uit 20 jaar van haar leven als initiatiefnemer van Amazone vzw, MMM stages die haar mee vormden tot wat zij later zelf vooral zou doen naast haar familiaal leven als actieve moeder van vier fijne kinderen&#8230;<br \/>\n<a href=\"http:\/\/amazonemmm.be\/hetnetepaleis\/wp-content\/uploads\/2026\/01\/Mijn-nieuwjaarswens-2026.pdf\">Mijn nieuwjaarswens 2026<\/a><\/p>\n<p class=\"\" data-start=\"340\" data-end=\"600\"><strong>Heet op de Planeet&nbsp;<\/strong><\/p>\n<p class=\"\" data-start=\"340\" data-end=\"600\">Met haar album <em data-start=\"355\" data-end=\"375\">Heet o<a style=\"color: #0f3647;\" href=\"https:\/\/amazonemmm.be\/hetnetepaleis\/hilde-frateur\/3a\/\" rel=\"attachment wp-att-14024\"><img decoding=\"async\" class=\"size-medium wp-image-14024 alignleft lazyload\" style=\"--smush-placeholder-width: 300px; --smush-placeholder-aspect-ratio: 300\/167;margin-top: 0.857143rem; margin-right: 1.71429rem; margin-bottom: 0.857143rem;\" data-src=\"http:\/\/amazonemmm.be\/hetnetepaleis\/wp-content\/uploads\/2023\/12\/3a-300x167.jpg\" alt=\"\" width=\"300\" height=\"167\" data-srcset=\"https:\/\/amazonemmm.be\/hetnetepaleis\/wp-content\/uploads\/2023\/12\/3a-300x167.jpg 300w, https:\/\/amazonemmm.be\/hetnetepaleis\/wp-content\/uploads\/2023\/12\/3a-1024x569.jpg 1024w, https:\/\/amazonemmm.be\/hetnetepaleis\/wp-content\/uploads\/2023\/12\/3a-768x426.jpg 768w, https:\/\/amazonemmm.be\/hetnetepaleis\/wp-content\/uploads\/2023\/12\/3a-1536x853.jpg 1536w, https:\/\/amazonemmm.be\/hetnetepaleis\/wp-content\/uploads\/2023\/12\/3a-624x346.jpg 624w, https:\/\/amazonemmm.be\/hetnetepaleis\/wp-content\/uploads\/2023\/12\/3a.jpg 1927w\" data-sizes=\"(max-width: 300px) 100vw, 300px\" src=\"data:image\/svg+xml;base64,PHN2ZyB3aWR0aD0iMSIgaGVpZ2h0PSIxIiB4bWxucz0iaHR0cDovL3d3dy53My5vcmcvMjAwMC9zdmciPjwvc3ZnPg==\" \/><\/a>p de Planeet<\/em> bracht ze talloze inspirerende liederen over vrede, water, aarde en onrecht. Dit groeide uit tot ontelbare succesvolle muzikale voorstellingen in vele ook interactieve vormen die ze tussen 2005 en 2019 wereldwijd bracht. <a href=\"https:\/\/www.youtube.com\/watch?v=BBhZ4QW1iRs\">Hier proef je van Heet op de Planeet!<\/a> (2006-2015)<\/p>\n<p style=\"line-height: 1.84615; margin-top: 1.71429rem; margin-bottom: 1.71429rem; font-size: 1.14286rem;\" data-start=\"819\" data-end=\"841\"><em>Foto: Hilde Frateur zingt Heet op de Planeet in vele talen op het internationaal muziekfestival Sharq Taronalari in Samarkand Uzbekistan.&nbsp;<\/em>Hilde toerde zowel solo als met getalenteerde muzikanten zoals Peter Van Eyck, Hans Mortelmans, Andries Boone, Bert Van Laethem en John Joris. Met haar muziek wist ze harten te raken en bewustzijn te vergroten. &nbsp;<a href=\"https:\/\/www.youtube.com\/watch?v=ZKEHuJMz1Qk\">Zij vertegenwoordigde Belgie tussen 60 andere landen met o.a. haar lied &#8220;Den Belgica&#8221; in een succesvol optreden in Samarkand!<\/a><\/p>\n<h3 class=\"\" data-start=\"819\" data-end=\"841\"><strong data-start=\"823\" data-end=\"839\">De Lege Plek<\/strong><\/h3>\n<p class=\"\" data-start=\"843\" data-end=\"1141\">Muziek verbindt en vult soms de leegte die woorden niet kunnen opvullen. Hilde Frateur componeerde de liederen van <em data-start=\"958\" data-end=\"972\">De Lege Plek<\/em> net voor de COVID-periode, alsof ze het gemis al voelde aankomen. Haar muziek raakt thema\u2019s als afscheid, vertrek en moeilijke momenten waarin taal vaak tekortschiet.<\/p>\n<p><strong>Zingen over de grenzen heen<\/strong><br \/>\nHilde genoot vele opleidingen bij bekende artiesten. Zij weet iedereen mee te nemen in haar muzikaal verhaal en laat mensen zingen, geeft tips voor stemvorming, harmonie en improvisatie en stelt iederen gerust, ook zij die nog nooit zongen. Zij kiest uit haar breed werelds repertoire het beste uit voor de deelnemers of groep en leert alles aan op het gehoor, a capella of begeleid op diatonisch accordeon of ukulele. Haar zangstages <em data-start=\"732\" data-end=\"761\">Zingen over de grenzen heen<\/em> bieden een unieke ervaring waarin deelnemers de vrijheid voelen om met andere stemmen te experimenteren en met een enthousiast gevoel \u00e9n een rugzak vol prachtige liederen naar huis gaan.<\/p>\n<p class=\"\" data-start=\"952\" data-end=\"1289\">Al sinds 1998 geeft Hilde zangstages en werd ze uitgenodigd, waaronder l&#8217;Acad\u00e9mie d&#8217;\u00c9t\u00e9 in&nbsp;Neufch\u00e2teau. Haar workshops worden niet alleen in Belgi\u00eb, maar ook in Nederland, Itali\u00eb, Hongarije, Egypte en Zuid-Afrika met veel enthousiasme gevolgd. Overal ter wereld klinken haar liederen, verbindend en inspirerend.<\/p>\n<p><b><a href=\"http:\/\/amazonemmm.be\/hetnetepaleis\/wp-content\/uploads\/2026\/02\/123.png\"><img decoding=\"async\" class=\"alignleft size-medium wp-image-17666 lazyload\" data-src=\"http:\/\/amazonemmm.be\/hetnetepaleis\/wp-content\/uploads\/2026\/02\/123-169x300.png\" alt=\"\" width=\"169\" height=\"300\" data-srcset=\"https:\/\/amazonemmm.be\/hetnetepaleis\/wp-content\/uploads\/2026\/02\/123-169x300.png 169w, https:\/\/amazonemmm.be\/hetnetepaleis\/wp-content\/uploads\/2026\/02\/123-300x533.png 300w, https:\/\/amazonemmm.be\/hetnetepaleis\/wp-content\/uploads\/2026\/02\/123.png 529w\" data-sizes=\"(max-width: 169px) 100vw, 169px\" src=\"data:image\/svg+xml;base64,PHN2ZyB3aWR0aD0iMSIgaGVpZ2h0PSIxIiB4bWxucz0iaHR0cDovL3d3dy53My5vcmcvMjAwMC9zdmciPjwvc3ZnPg==\" style=\"--smush-placeholder-width: 169px; --smush-placeholder-aspect-ratio: 169\/300;\" \/><\/a>Workshops op aanvraag!<\/b><\/p>\n<p>Hilde volgde muziekstages bij Wannes Van de Velde en Dirk Van Esbroeck, Vera Coomans, Sylvie Berger (Fr) Roland en vele anderen. Zij organiseerde immers de MMM stages.<\/p>\n<ul>\n<li>Straatmuzikant nodig? Hilde speelt solo maar ook met muzikanten, energieke of rustige muziek voor vele gelegenheden, stadsfeesten, festivals enz<\/li>\n<li><strong>Internationale optredens, klein en groot:<\/strong> Hilde heeft wereldwijd opgetreden, van Zuid-Afrika tot de Filipijnen, en van Hongarije tot Oezbekistan. Ze is ook een graag geziene gast in Itali\u00eb, waar ze&nbsp; Italiaans, kunstgeschiedenis en archeologie studeerde en nog regelmatig optreedt. Haar muziek verbindt mensen over&nbsp;culturele grenzen heen en brengt een universele boodschap van saamhorigheid en liefde. E\u00e9n van de meest wereldbekende liederen zingt zij vaak in optredens en workshops, hier in opname: <a href=\"https:\/\/www.youtube.com\/watch?v=6RWEwJAxDcg\">Bella Ciao delle Mondine ism Andries Boone&nbsp;<\/a> of live <a href=\"https:\/\/www.youtube.com\/watch?v=jyhyEMG0rZ0\">Bella Ciao met Finse muzikanten in de Klanktank van Het Netepaleis<\/a><\/li>\n<li><strong><a href=\"http:\/\/amazonemmm.be\/hetnetepaleis\/wp-content\/uploads\/2025\/03\/IMG_3948-scaled.jpeg\"><img decoding=\"async\" class=\"wp-image-15914 alignleft lazyload\" data-src=\"http:\/\/amazonemmm.be\/hetnetepaleis\/wp-content\/uploads\/2025\/03\/IMG_3948-300x225.jpeg\" alt=\"\" width=\"231\" height=\"173\" data-srcset=\"https:\/\/amazonemmm.be\/hetnetepaleis\/wp-content\/uploads\/2025\/03\/IMG_3948-300x225.jpeg 300w, https:\/\/amazonemmm.be\/hetnetepaleis\/wp-content\/uploads\/2025\/03\/IMG_3948-1024x768.jpeg 1024w, https:\/\/amazonemmm.be\/hetnetepaleis\/wp-content\/uploads\/2025\/03\/IMG_3948-768x576.jpeg 768w, https:\/\/amazonemmm.be\/hetnetepaleis\/wp-content\/uploads\/2025\/03\/IMG_3948-1536x1152.jpeg 1536w, https:\/\/amazonemmm.be\/hetnetepaleis\/wp-content\/uploads\/2025\/03\/IMG_3948-624x468.jpeg 624w, https:\/\/amazonemmm.be\/hetnetepaleis\/wp-content\/uploads\/2025\/03\/IMG_3948-scaled.jpeg 2000w\" data-sizes=\"(max-width: 231px) 100vw, 231px\" src=\"data:image\/svg+xml;base64,PHN2ZyB3aWR0aD0iMSIgaGVpZ2h0PSIxIiB4bWxucz0iaHR0cDovL3d3dy53My5vcmcvMjAwMC9zdmciPjwvc3ZnPg==\" style=\"--smush-placeholder-width: 231px; --smush-placeholder-aspect-ratio: 231\/173;\" \/><\/a>Figurant en muzikant<\/strong>: Bij verschillende televisieprogramma&#8217;s zoals Like me (2026!), Dertigers (2021-2022), Thuis(2019-2026), Familie(2020-2025) kan je Hilde regelmatig zien.&nbsp;<\/li>\n<li><strong>Unieke Ervaringen:<\/strong> Hilde heeft indrukwekkende muzikale momenten gecre\u00eberd, zoals een spontane zangsessie met kinderen bij de piramides van Gizeh en een optreden met Bedoe\u00efenen in Egypte. <a href=\"http:\/\/amazonemmm.be\/hetnetepaleis\/wp-content\/uploads\/2025\/03\/dvd-tellen-aan-pyramides.avi\">Egyptische kinderen tellen enthousiast mee met Hilde die hen begroet met het tellen in het Vlaams<\/a> Ze heeft mensen laten zingen in het Nederlands in een Hongaarse hogeschool te Vaz. Op jonge leeftijd leerde zij tijdens haar studies in Rome Italiaanse partizanenliederen zingen. Nadien werden deze liederen haar specialisatie en zong ze op&nbsp; Italiaanse podia haar eigen liederen maar zelfs samen met een koor van originele rijstplantsters uit Bologna(Mondine). Muzikanten van Calicanto hebben Hilde al vaak begeleid bij haar eigen liederen uit haar klimaatprogramma en De Lege Plek in de streek van Padova-Venetie.<\/li>\n<li>Haar veelzijdigheid en openheid maken haar optredens altijd bijzonder.<a href=\"https:\/\/www.youtube.com\/watch?v=CfqbPy-3oxQ\">Affiches van waar Hilde Frateur speelde op eigen naam en ook als Amazone&#8230;<\/a><\/li>\n<li>Hier hoor je Hilde <a href=\"https:\/\/tvplus.be\/artikel\/hilde-frateur-zangeres-en-kunstenares\">in gesprek voor RTV<\/a> met Amaryllis Temmerman in 2015 vr haar vertrek naar het internationaal festival in Samarqand waar ze geselecteerd werd om Belgie te vertegenwoordigen tussen 60 andere landen in de 3 landstalen. Zij nam 3 muzikanten mee en hun optreden werd een groot succes!&nbsp;<\/li>\n<li><strong>Teambuilding en Lerare<\/strong><strong>ndagen:<\/strong> Hilde heeft ruime ervaring met het verzorgen van teambuilding activiteiten en themadagen voor leerkrachten. Ze weet als geen ander hoe ze mensen op een interactieve en manier kan samenbrengen door haar liederen waaraan steeds een boeiend verhaal hangt.<\/li>\n<\/ul>\n<h3><a href=\"https:\/\/amazonemmm.be\/hetnetepaleis\/agenda\/czingen-op-het-gehoor-je-kan-nog-inschrijven-voor\/\" rel=\"attachment wp-att-14953\"><img decoding=\"async\" class=\"wp-image-14953 alignleft lazyload\" data-src=\"http:\/\/amazonemmm.be\/hetnetepaleis\/wp-content\/uploads\/2024\/05\/cZingen-op-het-gehoor-Je-kan-nog-inschrijven-voor--300x247.jpg\" alt=\"\" width=\"231\" height=\"190\" data-srcset=\"https:\/\/amazonemmm.be\/hetnetepaleis\/wp-content\/uploads\/2024\/05\/cZingen-op-het-gehoor-Je-kan-nog-inschrijven-voor--300x247.jpg 300w, https:\/\/amazonemmm.be\/hetnetepaleis\/wp-content\/uploads\/2024\/05\/cZingen-op-het-gehoor-Je-kan-nog-inschrijven-voor--1024x843.jpg 1024w, https:\/\/amazonemmm.be\/hetnetepaleis\/wp-content\/uploads\/2024\/05\/cZingen-op-het-gehoor-Je-kan-nog-inschrijven-voor--768x633.jpg 768w, https:\/\/amazonemmm.be\/hetnetepaleis\/wp-content\/uploads\/2024\/05\/cZingen-op-het-gehoor-Je-kan-nog-inschrijven-voor--624x514.jpg 624w, https:\/\/amazonemmm.be\/hetnetepaleis\/wp-content\/uploads\/2024\/05\/cZingen-op-het-gehoor-Je-kan-nog-inschrijven-voor-.jpg 1191w\" data-sizes=\"(max-width: 231px) 100vw, 231px\" src=\"data:image\/svg+xml;base64,PHN2ZyB3aWR0aD0iMSIgaGVpZ2h0PSIxIiB4bWxucz0iaHR0cDovL3d3dy53My5vcmcvMjAwMC9zdmciPjwvc3ZnPg==\" style=\"--smush-placeholder-width: 231px; --smush-placeholder-aspect-ratio: 231\/190;\" \/><\/a>Contact:<\/h3>\n<p>Wil je Hilde Frateur boeken voor je volgende evenement? Stuur haar een e-mail via <a rel=\"noreferrer\">hetnetepaleis@gmail.com<\/a> om de mogelijkheden te bespreken. Of het nu gaat om een bedrijfsevent, een verenigingsevenement, of een culturele activiteit, Hilde zorgt voor een onvergetelijke muzikale ervaring.<\/p>\n<p>Hilde is de drijvende kracht achter verschillende initiatieven en organisaties en kent de kinderen op elk kinderkamp of ze zingt met hen!<\/p>\n<ul>\n<li><strong>Amazone vzw en Applaus vzw:<\/strong> Deze verenigingen zet zij in om muziek en kunst dichter bij de mensen te brengen.<a href=\"https:\/\/www.youtube.com\/watch?v=unQPFXzHwOA&amp;t=31s\">20 jaar MMM viering op Erfgoeddag 2019 in Het Netepaleis te Kessel<\/a><\/li>\n<li>als natuurgids en beheerder van een natuurdomein, waar ze haar liefde voor natuur en duurzaamheid verder kan uitdragen.&nbsp;<\/li>\n<\/ul>\n<p>Met haar passie voor muziek en haar brede ervaring in zowel binnen- als buitenland, is Hilde Frateur de ideale artiest om je evenement een onvergetelijke muzikale touch te geven. Neem contact op voor meer informatie of om een optreden te reserveren.<\/p>\n<p>Zing en speel ( 2 programma&#8217;s &#8220;De Kinderspelen&#8221; P Bruegel de Oude en &#8220;Ros Beiaard&#8221; op aanvraag info@zingenspeel.be ism ANZ en SVM<\/p>\n<ul>\n<li>(Edel-)figurant bij Thuis en Dertigers reeksen Antwerpen<\/li>\n<li><strong style=\"font-size: 1rem;\">Contact: hetnetepaleis@gmail.com <\/strong>&nbsp;. &nbsp; &nbsp;<em>&nbsp;<\/em><\/li>\n<\/ul>\n<p><strong style=\"font-size: 1rem;\">Hilde <\/strong><strong style=\"font-size: 1rem;\">Frateur werkt met lied, muziek en leeft met beelden.<\/strong><span style=\"font-size: 1rem;\"> &nbsp;<br \/>\n<\/span><\/p>\n<p>Vanuit haar vele interesses&nbsp;<img decoding=\"async\" class=\"wp-image-11675 alignright lazyload\" style=\"--smush-placeholder-width: 242px; --smush-placeholder-aspect-ratio: 242\/364;margin-top: 0.857143rem; margin-right: 1.71429rem; margin-bottom: 0.857143rem;\" data-src=\"http:\/\/amazonemmm.be\/hetnetepaleis\/wp-content\/uploads\/2022\/05\/993930_697602850256325_1195181618_n-2-199x300.jpg\" alt=\"\" width=\"242\" height=\"364\" data-srcset=\"https:\/\/amazonemmm.be\/hetnetepaleis\/wp-content\/uploads\/2022\/05\/993930_697602850256325_1195181618_n-2-199x300.jpg 199w, https:\/\/amazonemmm.be\/hetnetepaleis\/wp-content\/uploads\/2022\/05\/993930_697602850256325_1195181618_n-2-624x939.jpg 624w, https:\/\/amazonemmm.be\/hetnetepaleis\/wp-content\/uploads\/2022\/05\/993930_697602850256325_1195181618_n-2-300x451.jpg 300w, https:\/\/amazonemmm.be\/hetnetepaleis\/wp-content\/uploads\/2022\/05\/993930_697602850256325_1195181618_n-2.jpg 638w\" data-sizes=\"(max-width: 242px) 100vw, 242px\" src=\"data:image\/svg+xml;base64,PHN2ZyB3aWR0aD0iMSIgaGVpZ2h0PSIxIiB4bWxucz0iaHR0cDovL3d3dy53My5vcmcvMjAwMC9zdmciPjwvc3ZnPg==\" \/><span style=\"font-size: 1rem;\">en respect voor mens, dier, natuur en cultuur telt elke dag om zich hiervoor in te zetten op verschillende manieren. <\/span><span style=\"font-size: 1rem;\">Hilde schreef tientallen liederen en zong ze voor tienduizenden mensen van alle leeftijden tot ver over de grenzen.&nbsp;<\/span><\/p>\n<p>Hilde Frateur toert met \u201cStad\u201d, \u201cDe Kleine Boot\u201d en brengt haar muzikaal klimaatprogramma \u201cHeet op Planeet\u201d voor duizenden kinderen en vele volwassenen, sinds 2006(!) in binnen- en buitenland.<\/p>\n<p><a href=\"https:\/\/amazonemmm.be\/hetnetepaleis\/hilde-frateur\/feest-lea-60-9-mei-2015-hilfra-84b\/\" rel=\"attachment wp-att-14095\"><img decoding=\"async\" class=\"alignleft size-medium wp-image-14095 lazyload\" data-src=\"http:\/\/amazonemmm.be\/hetnetepaleis\/wp-content\/uploads\/2023\/12\/Feest-Lea-60-9-mei-2015-HilFra-84b-300x167.jpg\" alt=\"\" width=\"300\" height=\"167\" data-srcset=\"https:\/\/amazonemmm.be\/hetnetepaleis\/wp-content\/uploads\/2023\/12\/Feest-Lea-60-9-mei-2015-HilFra-84b-300x167.jpg 300w, https:\/\/amazonemmm.be\/hetnetepaleis\/wp-content\/uploads\/2023\/12\/Feest-Lea-60-9-mei-2015-HilFra-84b-1024x570.jpg 1024w, https:\/\/amazonemmm.be\/hetnetepaleis\/wp-content\/uploads\/2023\/12\/Feest-Lea-60-9-mei-2015-HilFra-84b-768x428.jpg 768w, https:\/\/amazonemmm.be\/hetnetepaleis\/wp-content\/uploads\/2023\/12\/Feest-Lea-60-9-mei-2015-HilFra-84b-1536x855.jpg 1536w, https:\/\/amazonemmm.be\/hetnetepaleis\/wp-content\/uploads\/2023\/12\/Feest-Lea-60-9-mei-2015-HilFra-84b-2048x1140.jpg 2048w, https:\/\/amazonemmm.be\/hetnetepaleis\/wp-content\/uploads\/2023\/12\/Feest-Lea-60-9-mei-2015-HilFra-84b-624x347.jpg 624w, https:\/\/amazonemmm.be\/hetnetepaleis\/wp-content\/uploads\/2023\/12\/Feest-Lea-60-9-mei-2015-HilFra-84b-scaled.jpg 2000w\" data-sizes=\"(max-width: 300px) 100vw, 300px\" src=\"data:image\/svg+xml;base64,PHN2ZyB3aWR0aD0iMSIgaGVpZ2h0PSIxIiB4bWxucz0iaHR0cDovL3d3dy53My5vcmcvMjAwMC9zdmciPjwvc3ZnPg==\" style=\"--smush-placeholder-width: 300px; --smush-placeholder-aspect-ratio: 300\/167;\" \/><\/a>In 2015 wordt Hilde geselecteerd om ons land te vertegenwoordigen met haar eigen liederen op het 10\u00b0 internationaal Sharq Taronalari festival in Samarqand, \u00e9\u00e9n der grootste en mooiste podia ter wereld. Zij verspeidt hier wereldwijd haar liederen met een zeer mooie Ep \u201c<strong>Water uit de hemel<\/strong>\u201d.<\/p>\n<p>Zij maakt in januari 2020 opnames van haar nieuwe liederen rond \u201c<strong>De lege Plek<\/strong>\u201d alsof zij oo<a href=\"https:\/\/amazonemmm.be\/hetnetepaleis\/hilde-frateur\/3a\/\" rel=\"attachment wp-att-14024\"><img decoding=\"async\" class=\"size-medium wp-image-14024 alignright lazyload\" data-src=\"http:\/\/amazonemmm.be\/hetnetepaleis\/wp-content\/uploads\/2023\/12\/3a-300x167.jpg\" alt=\"\" width=\"300\" height=\"167\" data-srcset=\"https:\/\/amazonemmm.be\/hetnetepaleis\/wp-content\/uploads\/2023\/12\/3a-300x167.jpg 300w, https:\/\/amazonemmm.be\/hetnetepaleis\/wp-content\/uploads\/2023\/12\/3a-1024x569.jpg 1024w, https:\/\/amazonemmm.be\/hetnetepaleis\/wp-content\/uploads\/2023\/12\/3a-768x426.jpg 768w, https:\/\/amazonemmm.be\/hetnetepaleis\/wp-content\/uploads\/2023\/12\/3a-1536x853.jpg 1536w, https:\/\/amazonemmm.be\/hetnetepaleis\/wp-content\/uploads\/2023\/12\/3a-624x346.jpg 624w, https:\/\/amazonemmm.be\/hetnetepaleis\/wp-content\/uploads\/2023\/12\/3a.jpg 1927w\" data-sizes=\"(max-width: 300px) 100vw, 300px\" src=\"data:image\/svg+xml;base64,PHN2ZyB3aWR0aD0iMSIgaGVpZ2h0PSIxIiB4bWxucz0iaHR0cDovL3d3dy53My5vcmcvMjAwMC9zdmciPjwvc3ZnPg==\" style=\"--smush-placeholder-width: 300px; --smush-placeholder-aspect-ratio: 300\/167;\" \/><\/a>k de lock-down toen al had voelen aankomen. Dit met de voorspellende titel: <strong>&#8216;Er Komen Andere Tijden!&#8217;<br \/>\n<\/strong><span style=\"font-size: 1rem;\">Haar optredens en zangstages &#8220;Zingen over de grenzen heen&#8221; zijn nog steeds geliefd.&nbsp;<br \/>\nHet Netepaleis is haar atelier waar zij muzikaal en beeldend werkt. Zij beheert het domein van Het Netepaleis en waar zij op gebied van biodiversiteit en duurzaamheid een waardige voorbeeldfunctie heeft. &#8220;Week van de Bij&#8221; koos dan ook voor deze locatie om het openingsfeest van Week van de Bij, dat jaarlijks in een andere provincie georganiseerd wordt, in 2022 in Het Netepaleis te Kessel te laten plaats vinden.<br \/>\nSamen met vzw Amazone MMM, die zij oprichtte in 1998 en vzw AppLaus ( 2021) werkt zij aan duurzame en positieve projecten.<\/span><\/p>\n<p>Wens je meer info kijk op <a href=\"https:\/\/amazonemmm.be\/hildefrateur\/\">de website van Hilde Frateur<\/a><\/p>\n<p>Luister op Spotify: <a href=\"https:\/\/open.spotify.com\/album\/5MdvY6weC9IUGoePCSshil?highlight=spotify:track:3rhCSAsZ67acrhRnJs3rkO\">De Lege Plek &lt; Hilde Frateur<\/a><\/p>\n<p><a href=\"https:\/\/nl.wikipedia.org\/wiki\/Hilde_Frateur\">Hilde Frateur op Wikipedia<\/a><\/p>\n<p>ngg_shortcode_0_placeholder<strong style=\"font-size: 1rem;\">Natuurgids?<\/strong><\/p>\n<p style=\"line-height: 1.71429; margin-bottom: 1.71429rem;\">Hilde Frateur is begeesterd natuurgids en leidt boeiende wandelingen op het domein Het Netepaleis Kessel en indien meer uitgebreid op Bogaertsheide en Gestel. Dit kan ook aangevraagd worden in combinatie met andere activiteiten in het Netepaleis, receptie met muziek, team-building, zangstage &nbsp;enz.<\/p>\n<p><strong>&nbsp;<\/strong><\/p>\n<div id=\"ConnectiveDocSignExtentionInstalled\" data-extension-version=\"1.0.4\">&nbsp;<\/div>\n","protected":false},"excerpt":{"rendered":"<p>Hilde Frateur groet je vanuit Het Netepaleis vol bloesems, zij zingt tot het water uit de hemel zal vallen!&nbsp;&nbsp; HKM cd Heet op de planeet lied 2015&nbsp; In dit 1 [&hellip;]<\/p>\n","protected":false},"author":1,"featured_media":0,"parent":0,"menu_order":6,"comment_status":"closed","ping_status":"closed","template":"","meta":{"ngg_post_thumbnail":0,"_price":"","_stock":"","_tribe_ticket_header":"","_tribe_default_ticket_provider":"","_tribe_ticket_capacity":"0","_ticket_start_date":"","_ticket_end_date":"","_tribe_ticket_show_description":"","_tribe_ticket_show_not_going":false,"_tribe_ticket_use_global_stock":"","_tribe_ticket_global_stock_level":"","_global_stock_mode":"","_global_stock_cap":"","_tribe_rsvp_for_event":"","_tribe_ticket_going_count":"","_tribe_ticket_not_going_count":"","_tribe_tickets_list":"[]","_tribe_ticket_has_attendee_info_fields":false,"footnotes":""},"class_list":["post-11147","page","type-page","status-publish","hentry"],"_links":{"self":[{"href":"https:\/\/amazonemmm.be\/hetnetepaleis\/wp-json\/wp\/v2\/pages\/11147","targetHints":{"allow":["GET"]}}],"collection":[{"href":"https:\/\/amazonemmm.be\/hetnetepaleis\/wp-json\/wp\/v2\/pages"}],"about":[{"href":"https:\/\/amazonemmm.be\/hetnetepaleis\/wp-json\/wp\/v2\/types\/page"}],"author":[{"embeddable":true,"href":"https:\/\/amazonemmm.be\/hetnetepaleis\/wp-json\/wp\/v2\/users\/1"}],"replies":[{"embeddable":true,"href":"https:\/\/amazonemmm.be\/hetnetepaleis\/wp-json\/wp\/v2\/comments?post=11147"}],"version-history":[{"count":122,"href":"https:\/\/amazonemmm.be\/hetnetepaleis\/wp-json\/wp\/v2\/pages\/11147\/revisions"}],"predecessor-version":[{"id":17804,"href":"https:\/\/amazonemmm.be\/hetnetepaleis\/wp-json\/wp\/v2\/pages\/11147\/revisions\/17804"}],"wp:attachment":[{"href":"https:\/\/amazonemmm.be\/hetnetepaleis\/wp-json\/wp\/v2\/media?parent=11147"}],"curies":[{"name":"wp","href":"https:\/\/api.w.org\/{rel}","templated":true}]}}